{"id":4835,"date":"2024-01-03T20:56:06","date_gmt":"2024-01-03T19:56:06","guid":{"rendered":"https:\/\/www.mrcaudio.com\/?page_id=4835"},"modified":"2025-08-14T12:06:20","modified_gmt":"2025-08-14T10:06:20","slug":"noticias","status":"publish","type":"page","link":"https:\/\/www.mrcaudio.com\/en\/noticias","title":{"rendered":"Noticias"},"content":{"rendered":"<hr style=\"border:2px;\">\n<hr style=\"border-color:#666699;\">\n<h5 style=\"text-align: justify;\"><img decoding=\"async\" class=\"size-medium wp-image-1046 aligncenter lazyload\" data-src=\"https:\/\/www.mrcaudio.com\/wp-content\/uploads\/Banner-BITAM23.png\" alt=\"Exposici\u00f3n BITAM\" width=\"\" height=\"\" src=\"data:image\/svg+xml;base64,PHN2ZyB3aWR0aD0iMSIgaGVpZ2h0PSIxIiB4bWxucz0iaHR0cDovL3d3dy53My5vcmcvMjAwMC9zdmciPjwvc3ZnPg==\" style=\"--smush-placeholder-width: 800px; --smush-placeholder-aspect-ratio: 800\/190;\" \/><font color=\"#666699\"><\/p>\n<h5><span style=\"color: #666699;\">Durante los d\u00edas 22 y 23 de noviembre estuvimos en la exposici\u00f3n <a style=\"font-weight: bold; color: #666699;\" href=\"https:\/\/www.bitamshow.com\/\" target=\"_blank\" rel=\"noopener\"> Bitam Show<\/a> en Madrid donde mostramos las caracter\u00edsticas del limitador <a style=\"color: #666699;\" href=\"https:\/\/www.mrcaudio.com\/productos\/limitador-controlador-frecuencial-eqlimit\" target=\"_blank\" rel=\"noopener\"><b>EQ<\/b><i>Limit<\/i><\/a> y sus accesorios. Si quer\u00e9is leer la entrevista publicada en AV Integraci\u00f3n Audiovisual, pinchar <a style=\"font-weight: bold; color: #666699;\" href=\"https:\/\/avintegracion.com\/entrevista-bitam-show-mrc-audio\/\" target=\"_blank\" rel=\"noopener\">aqu\u00ed.<\/a><\/span><\/h5>\n<hr style=\"border:2px;\">\n<hr style=\"border-color:#666699;\">\n<h5 style=\"text-align: justify;\"><img decoding=\"async\" class=\"size-medium wp-image-1046 aligncenter lazyload\" data-src=\"https:\/\/www.mrcaudio.com\/wp-content\/uploads\/Banner-2024.png\" alt=\"Exposici\u00f3n BITAM\" width=\"\" height=\"\" src=\"data:image\/svg+xml;base64,PHN2ZyB3aWR0aD0iMSIgaGVpZ2h0PSIxIiB4bWxucz0iaHR0cDovL3d3dy53My5vcmcvMjAwMC9zdmciPjwvc3ZnPg==\" style=\"--smush-placeholder-width: 1897px; --smush-placeholder-aspect-ratio: 1897\/131;\" \/><font color=\"#666699\"><br \/>\nEste a\u00f1o 2024 hemos vuelto a participar en <a href=\"https:\/\/www.bitamshow.es\" target=\"_blank\" rel=\"noopener\"><b>BITAM Show 2024<\/b><font color=\"#666699\"> dentro del Recinto Ferial de la Casa de Campo en Madrid, donde mostramos las caracter\u00edsticas del limitador <a href=\"https:\/\/www.mrcaudio.com\/productos\/limitador-controlador-frecuencial-eqlimit\"target=\"_blank\"><b>EQ<\/b><i>Limit<\/i><\/a> y sus accesorios.<br \/>\nEstamos contentos de haber contactado con nuevos instaladores que pronto ser\u00e1n amigos.<br \/>\nSi quer\u00e9is leer la entrevista publicada en AV Integraci\u00f3n Audiovisual, pinchar <a href=\"https:\/\/avintegracion.com\/entrevista-bitam-show-mcr-audio\/\" target=\"_blank\" rel=\"noopener\"><b>aqu\u00ed<\/b><\/a><font color=\"#24AAFF\">.<\/p>\n<p>\u00a0<\/p>\n<hr \/>\n<p>\u00a0<\/p>\n","protected":false},"excerpt":{"rendered":"<p>Durante los d\u00edas 22 y 23 de noviembre estuvimos en la exposici\u00f3n Bitam Show en Madrid donde mostramos las caracter\u00edsticas del limitador EQLimit y sus accesorios. Si quer\u00e9is leer la entrevista publicada en AV Integraci\u00f3n Audiovisual, pinchar aqu\u00ed. Este a\u00f1o<\/p>\n","protected":false},"author":2,"featured_media":0,"parent":0,"menu_order":0,"comment_status":"closed","ping_status":"closed","template":"","meta":{"footnotes":""},"class_list":["post-4835","page","type-page","status-publish","hentry"],"yoast_head":"<!-- This site is optimized with the Yoast SEO plugin v28.0 - https:\/\/yoast.com\/product\/yoast-seo-wordpress\/ -->\n<title>Noticias<\/title>\n<meta name=\"robots\" content=\"index, follow, max-snippet:-1, max-image-preview:large, max-video-preview:-1\" \/>\n<link rel=\"canonical\" href=\"https:\/\/www.mrcaudio.com\/en\/noticias\" \/>\n<meta property=\"og:locale\" content=\"en_GB\" \/>\n<meta property=\"og:locale:alternate\" content=\"es_ES\" \/>\n<meta property=\"og:locale:alternate\" content=\"fr_FR\" \/>\n<meta property=\"og:locale:alternate\" content=\"it_IT\" \/>\n<meta property=\"og:locale:alternate\" content=\"pt_PT\" \/>\n<meta property=\"og:type\" content=\"article\" \/>\n<meta property=\"og:title\" content=\"Noticias\" \/>\n<meta property=\"og:description\" content=\"Durante los d\u00edas 22 y 23 de noviembre estuvimos en la exposici\u00f3n Bitam Show en Madrid donde mostramos las caracter\u00edsticas del limitador EQLimit y sus accesorios. Si quer\u00e9is leer la entrevista publicada en AV Integraci\u00f3n Audiovisual, pinchar aqu\u00ed. Este a\u00f1o\" \/>\n<meta property=\"og:url\" content=\"https:\/\/www.mrcaudio.com\/en\/noticias\" \/>\n<meta property=\"og:site_name\" content=\"MRC AUDIO\" \/>\n<meta property=\"article:modified_time\" content=\"2025-08-14T10:06:20+00:00\" \/>\n<meta name=\"twitter:card\" content=\"summary_large_image\" \/>\n<meta name=\"twitter:label1\" content=\"Estimated reading time\" \/>\n\t<meta name=\"twitter:data1\" content=\"1 minute\" \/>\n<script type=\"application\/ld+json\" class=\"yoast-schema-graph\">{\"@context\":\"https:\\\/\\\/schema.org\",\"@graph\":[{\"@type\":\"WebPage\",\"@id\":\"https:\\\/\\\/www.mrcaudio.com\\\/noticias\",\"url\":\"https:\\\/\\\/www.mrcaudio.com\\\/noticias\",\"name\":\"Noticias\",\"isPartOf\":{\"@id\":\"https:\\\/\\\/www.mrcaudio.com\\\/#website\"},\"primaryImageOfPage\":{\"@id\":\"https:\\\/\\\/www.mrcaudio.com\\\/noticias#primaryimage\"},\"image\":{\"@id\":\"https:\\\/\\\/www.mrcaudio.com\\\/noticias#primaryimage\"},\"thumbnailUrl\":\"https:\\\/\\\/www.mrcaudio.com\\\/wp-content\\\/uploads\\\/Banner-BITAM23.png\",\"datePublished\":\"2024-01-03T19:56:06+00:00\",\"dateModified\":\"2025-08-14T10:06:20+00:00\",\"breadcrumb\":{\"@id\":\"https:\\\/\\\/www.mrcaudio.com\\\/noticias#breadcrumb\"},\"inLanguage\":\"en-GB\",\"potentialAction\":[{\"@type\":\"ReadAction\",\"target\":[\"https:\\\/\\\/www.mrcaudio.com\\\/noticias\"]}]},{\"@type\":\"ImageObject\",\"inLanguage\":\"en-GB\",\"@id\":\"https:\\\/\\\/www.mrcaudio.com\\\/noticias#primaryimage\",\"url\":\"https:\\\/\\\/www.mrcaudio.com\\\/wp-content\\\/uploads\\\/Banner-BITAM23.png\",\"contentUrl\":\"https:\\\/\\\/www.mrcaudio.com\\\/wp-content\\\/uploads\\\/Banner-BITAM23.png\"},{\"@type\":\"BreadcrumbList\",\"@id\":\"https:\\\/\\\/www.mrcaudio.com\\\/noticias#breadcrumb\",\"itemListElement\":[{\"@type\":\"ListItem\",\"position\":1,\"name\":\"Portada\",\"item\":\"https:\\\/\\\/www.mrcaudio.com\\\/\"},{\"@type\":\"ListItem\",\"position\":2,\"name\":\"Noticias\"}]},{\"@type\":\"WebSite\",\"@id\":\"https:\\\/\\\/www.mrcaudio.com\\\/#website\",\"url\":\"https:\\\/\\\/www.mrcaudio.com\\\/\",\"name\":\"MRC AUDIO\",\"description\":\"Sound Limiter\",\"publisher\":{\"@id\":\"https:\\\/\\\/www.mrcaudio.com\\\/#organization\"},\"potentialAction\":[{\"@type\":\"SearchAction\",\"target\":{\"@type\":\"EntryPoint\",\"urlTemplate\":\"https:\\\/\\\/www.mrcaudio.com\\\/?s={search_term_string}\"},\"query-input\":{\"@type\":\"PropertyValueSpecification\",\"valueRequired\":true,\"valueName\":\"search_term_string\"}}],\"inLanguage\":\"en-GB\"},{\"@type\":\"Organization\",\"@id\":\"https:\\\/\\\/www.mrcaudio.com\\\/#organization\",\"name\":\"MRC Audio\",\"url\":\"https:\\\/\\\/www.mrcaudio.com\\\/\",\"logo\":{\"@type\":\"ImageObject\",\"inLanguage\":\"en-GB\",\"@id\":\"https:\\\/\\\/www.mrcaudio.com\\\/#\\\/schema\\\/logo\\\/image\\\/\",\"url\":\"https:\\\/\\\/www.mrcaudio.com\\\/wp-content\\\/uploads\\\/favicon-150x150-1.jpg\",\"contentUrl\":\"https:\\\/\\\/www.mrcaudio.com\\\/wp-content\\\/uploads\\\/favicon-150x150-1.jpg\",\"width\":150,\"height\":150,\"caption\":\"MRC Audio\"},\"image\":{\"@id\":\"https:\\\/\\\/www.mrcaudio.com\\\/#\\\/schema\\\/logo\\\/image\\\/\"}}]}<\/script>\n<!-- \/ Yoast SEO plugin. -->","yoast_head_json":{"title":"Noticias","robots":{"index":"index","follow":"follow","max-snippet":"max-snippet:-1","max-image-preview":"max-image-preview:large","max-video-preview":"max-video-preview:-1"},"canonical":"https:\/\/www.mrcaudio.com\/en\/noticias","og_locale":"en_GB","og_type":"article","og_title":"[:es]Noticias[:] - MRC AUDIO","og_description":"Durante los d\u00edas 22 y 23 de noviembre estuvimos en la exposici\u00f3n Bitam Show en Madrid donde mostramos las caracter\u00edsticas del limitador EQLimit y sus accesorios. Si quer\u00e9is leer la entrevista publicada en AV Integraci\u00f3n Audiovisual, pinchar aqu\u00ed. Este a\u00f1o","og_url":"https:\/\/www.mrcaudio.com\/en\/noticias","og_site_name":"MRC AUDIO","article_modified_time":"2025-08-14T10:06:20+00:00","twitter_card":"summary_large_image","twitter_misc":{"Estimated reading time":"1 minute"},"schema":{"@context":"https:\/\/schema.org","@graph":[{"@type":"WebPage","@id":"https:\/\/www.mrcaudio.com\/noticias","url":"https:\/\/www.mrcaudio.com\/noticias","name":"Noticias","isPartOf":{"@id":"https:\/\/www.mrcaudio.com\/#website"},"primaryImageOfPage":{"@id":"https:\/\/www.mrcaudio.com\/noticias#primaryimage"},"image":{"@id":"https:\/\/www.mrcaudio.com\/noticias#primaryimage"},"thumbnailUrl":"https:\/\/www.mrcaudio.com\/wp-content\/uploads\/Banner-BITAM23.png","datePublished":"2024-01-03T19:56:06+00:00","dateModified":"2025-08-14T10:06:20+00:00","breadcrumb":{"@id":"https:\/\/www.mrcaudio.com\/noticias#breadcrumb"},"inLanguage":"en-GB","potentialAction":[{"@type":"ReadAction","target":["https:\/\/www.mrcaudio.com\/noticias"]}]},{"@type":"ImageObject","inLanguage":"en-GB","@id":"https:\/\/www.mrcaudio.com\/noticias#primaryimage","url":"https:\/\/www.mrcaudio.com\/wp-content\/uploads\/Banner-BITAM23.png","contentUrl":"https:\/\/www.mrcaudio.com\/wp-content\/uploads\/Banner-BITAM23.png"},{"@type":"BreadcrumbList","@id":"https:\/\/www.mrcaudio.com\/noticias#breadcrumb","itemListElement":[{"@type":"ListItem","position":1,"name":"Portada","item":"https:\/\/www.mrcaudio.com\/"},{"@type":"ListItem","position":2,"name":"Noticias"}]},{"@type":"WebSite","@id":"https:\/\/www.mrcaudio.com\/#website","url":"https:\/\/www.mrcaudio.com\/","name":"MRC AUDIO","description":"Sound Limiter","publisher":{"@id":"https:\/\/www.mrcaudio.com\/#organization"},"potentialAction":[{"@type":"SearchAction","target":{"@type":"EntryPoint","urlTemplate":"https:\/\/www.mrcaudio.com\/?s={search_term_string}"},"query-input":{"@type":"PropertyValueSpecification","valueRequired":true,"valueName":"search_term_string"}}],"inLanguage":"en-GB"},{"@type":"Organization","@id":"https:\/\/www.mrcaudio.com\/#organization","name":"MRC Audio","url":"https:\/\/www.mrcaudio.com\/","logo":{"@type":"ImageObject","inLanguage":"en-GB","@id":"https:\/\/www.mrcaudio.com\/#\/schema\/logo\/image\/","url":"https:\/\/www.mrcaudio.com\/wp-content\/uploads\/favicon-150x150-1.jpg","contentUrl":"https:\/\/www.mrcaudio.com\/wp-content\/uploads\/favicon-150x150-1.jpg","width":150,"height":150,"caption":"MRC Audio"},"image":{"@id":"https:\/\/www.mrcaudio.com\/#\/schema\/logo\/image\/"}}]}},"_links":{"self":[{"href":"https:\/\/www.mrcaudio.com\/en\/wp-json\/wp\/v2\/pages\/4835","targetHints":{"allow":["GET"]}}],"collection":[{"href":"https:\/\/www.mrcaudio.com\/en\/wp-json\/wp\/v2\/pages"}],"about":[{"href":"https:\/\/www.mrcaudio.com\/en\/wp-json\/wp\/v2\/types\/page"}],"author":[{"embeddable":true,"href":"https:\/\/www.mrcaudio.com\/en\/wp-json\/wp\/v2\/users\/2"}],"replies":[{"embeddable":true,"href":"https:\/\/www.mrcaudio.com\/en\/wp-json\/wp\/v2\/comments?post=4835"}],"version-history":[{"count":80,"href":"https:\/\/www.mrcaudio.com\/en\/wp-json\/wp\/v2\/pages\/4835\/revisions"}],"predecessor-version":[{"id":5617,"href":"https:\/\/www.mrcaudio.com\/en\/wp-json\/wp\/v2\/pages\/4835\/revisions\/5617"}],"wp:attachment":[{"href":"https:\/\/www.mrcaudio.com\/en\/wp-json\/wp\/v2\/media?parent=4835"}],"curies":[{"name":"wp","href":"https:\/\/api.w.org\/{rel}","templated":true}]}}

<hr style="border:2px;">
<hr style="border-color:#666699;">
<h5 style="text-align: justify;"><img decoding="async" class="size-medium wp-image-1046 aligncenter lazyload" data-src="https://www.mrcaudio.com/wp-content/uploads/Banner-BITAM23.png" alt="Exposición BITAM" width="" height="" src="data:image/svg+xml;base64,PHN2ZyB3aWR0aD0iMSIgaGVpZ2h0PSIxIiB4bWxucz0iaHR0cDovL3d3dy53My5vcmcvMjAwMC9zdmciPjwvc3ZnPg==" style="--smush-placeholder-width: 800px; --smush-placeholder-aspect-ratio: 800/190;" /><font color="#666699"></p>
<h5><span style="color: #666699;">Durante los días 22 y 23 de noviembre estuvimos en la exposición <a style="font-weight: bold; color: #666699;" href="https://www.bitamshow.com/" target="_blank" rel="noopener"> Bitam Show</a> en Madrid donde mostramos las características del limitador <a style="color: #666699;" href="https://www.mrcaudio.com/productos/limitador-controlador-frecuencial-eqlimit" target="_blank" rel="noopener"><b>EQ</b><i>Limit</i></a> y sus accesorios. Si queréis leer la entrevista publicada en AV Integración Audiovisual, pinchar <a style="font-weight: bold; color: #666699;" href="https://avintegracion.com/entrevista-bitam-show-mrc-audio/" target="_blank" rel="noopener">aquí.</a></span></h5>
<hr style="border:2px;">
<hr style="border-color:#666699;">
<h5 style="text-align: justify;"><img decoding="async" class="size-medium wp-image-1046 aligncenter lazyload" data-src="https://www.mrcaudio.com/wp-content/uploads/Banner-2024.png" alt="Exposición BITAM" width="" height="" src="data:image/svg+xml;base64,PHN2ZyB3aWR0aD0iMSIgaGVpZ2h0PSIxIiB4bWxucz0iaHR0cDovL3d3dy53My5vcmcvMjAwMC9zdmciPjwvc3ZnPg==" style="--smush-placeholder-width: 1897px; --smush-placeholder-aspect-ratio: 1897/131;" /><font color="#666699"><br />
Este año 2024 hemos vuelto a participar en <a href="https://www.bitamshow.es" target="_blank" rel="noopener"><b>BITAM Show 2024</b><font color="#666699"> dentro del Recinto Ferial de la Casa de Campo en Madrid, donde mostramos las características del limitador <a href="https://www.mrcaudio.com/productos/limitador-controlador-frecuencial-eqlimit"target="_blank"><b>EQ</b><i>Limit</i></a> y sus accesorios.<br />
Estamos contentos de haber contactado con nuevos instaladores que pronto serán amigos.<br />
Si queréis leer la entrevista publicada en AV Integración Audiovisual, pinchar <a href="https://avintegracion.com/entrevista-bitam-show-mcr-audio/" target="_blank" rel="noopener"><b>aquí</b></a><font color="#24AAFF">.</p>
<p> </p>
<hr />
<p> </p>

<p>Durante los días 22 y 23 de noviembre estuvimos en la exposición Bitam Show en Madrid donde mostramos las características del limitador EQLimit y sus accesorios. Si queréis leer la entrevista publicada en AV Integración Audiovisual, pinchar aquí. Este año</p>

<!-- This site is optimized with the Yoast SEO plugin v28.0 - https://yoast.com/product/yoast-seo-wordpress/ -->
<title>Noticias</title>
<meta name="robots" content="index, follow, max-snippet:-1, max-image-preview:large, max-video-preview:-1" />
<link rel="canonical" href="https://www.mrcaudio.com/en/noticias" />
<meta property="og:locale" content="en_GB" />
<meta property="og:locale:alternate" content="es_ES" />
<meta property="og:locale:alternate" content="fr_FR" />
<meta property="og:locale:alternate" content="it_IT" />
<meta property="og:locale:alternate" content="pt_PT" />
<meta property="og:type" content="article" />
<meta property="og:title" content="Noticias" />
<meta property="og:description" content="Durante los días 22 y 23 de noviembre estuvimos en la exposición Bitam Show en Madrid donde mostramos las características del limitador EQLimit y sus accesorios. Si queréis leer la entrevista publicada en AV Integración Audiovisual, pinchar aquí. Este año" />
<meta property="og:url" content="https://www.mrcaudio.com/en/noticias" />
<meta property="og:site_name" content="MRC AUDIO" />
<meta property="article:modified_time" content="2025-08-14T10:06:20+00:00" />
<meta name="twitter:card" content="summary_large_image" />
<meta name="twitter:label1" content="Estimated reading time" />
	<meta name="twitter:data1" content="1 minute" />
<script type="application/ld+json" class="yoast-schema-graph">{"@context":"https:\/\/schema.org","@graph":[{"@type":"WebPage","@id":"https:\/\/www.mrcaudio.com\/noticias","url":"https:\/\/www.mrcaudio.com\/noticias","name":"Noticias","isPartOf":{"@id":"https:\/\/www.mrcaudio.com\/#website"},"primaryImageOfPage":{"@id":"https:\/\/www.mrcaudio.com\/noticias#primaryimage"},"image":{"@id":"https:\/\/www.mrcaudio.com\/noticias#primaryimage"},"thumbnailUrl":"https:\/\/www.mrcaudio.com\/wp-content\/uploads\/Banner-BITAM23.png","datePublished":"2024-01-03T19:56:06+00:00","dateModified":"2025-08-14T10:06:20+00:00","breadcrumb":{"@id":"https:\/\/www.mrcaudio.com\/noticias#breadcrumb"},"inLanguage":"en-GB","potentialAction":[{"@type":"ReadAction","target":["https:\/\/www.mrcaudio.com\/noticias"]}]},{"@type":"ImageObject","inLanguage":"en-GB","@id":"https:\/\/www.mrcaudio.com\/noticias#primaryimage","url":"https:\/\/www.mrcaudio.com\/wp-content\/uploads\/Banner-BITAM23.png","contentUrl":"https:\/\/www.mrcaudio.com\/wp-content\/uploads\/Banner-BITAM23.png"},{"@type":"BreadcrumbList","@id":"https:\/\/www.mrcaudio.com\/noticias#breadcrumb","itemListElement":[{"@type":"ListItem","position":1,"name":"Portada","item":"https:\/\/www.mrcaudio.com\/"},{"@type":"ListItem","position":2,"name":"Noticias"}]},{"@type":"WebSite","@id":"https:\/\/www.mrcaudio.com\/#website","url":"https:\/\/www.mrcaudio.com\/","name":"MRC AUDIO","description":"Sound Limiter","publisher":{"@id":"https:\/\/www.mrcaudio.com\/#organization"},"potentialAction":[{"@type":"SearchAction","target":{"@type":"EntryPoint","urlTemplate":"https:\/\/www.mrcaudio.com\/?s={search_term_string}"},"query-input":{"@type":"PropertyValueSpecification","valueRequired":true,"valueName":"search_term_string"}}],"inLanguage":"en-GB"},{"@type":"Organization","@id":"https:\/\/www.mrcaudio.com\/#organization","name":"MRC Audio","url":"https:\/\/www.mrcaudio.com\/","logo":{"@type":"ImageObject","inLanguage":"en-GB","@id":"https:\/\/www.mrcaudio.com\/#\/schema\/logo\/image\/","url":"https:\/\/www.mrcaudio.com\/wp-content\/uploads\/favicon-150x150-1.jpg","contentUrl":"https:\/\/www.mrcaudio.com\/wp-content\/uploads\/favicon-150x150-1.jpg","width":150,"height":150,"caption":"MRC Audio"},"image":{"@id":"https:\/\/www.mrcaudio.com\/#\/schema\/logo\/image\/"}}]}</script>
<!-- / Yoast SEO plugin. -->

Durante los días 22 y 23 de noviembre estuvimos en la exposición Bitam Show en Madrid donde mostramos las características del limitador EQLimit y sus accesorios. Si queréis leer la entrevista publicada en AV Integración Audiovisual, pinchar aquí. Este año
